 common factor of d and 77?
11
Suppose -317*c = -73*c - 59780. Calculate the highest common factor of 2989 and c.
49
Let c(k) = k**2 + 2*k + 4*k + 2 - 7 + 26. Let s be c(-3). Calculate the highest common divisor of s and 516.
12
Let p = -8 - -12. Let g be ((-30)/21)/(70/(-196)). What is the highest common divisor of p and g?
4
Let j(z) = 5*z**2 + 9*z - 7. Let g be j(-3). Let q be (-4)/(-10) - 9383/(-55). Let a = q - 72. Calculate the highest common factor of g and a.
11
Let q be (1 + -50)/(8 + 790/(-100)). Let n be (0 - 1) + (q/(-5) - 7). Calculate the greatest common divisor of 18 and n.
18
Let r = 4 - -20. Let p = 1199 - 1157. What is the highest common divisor of r and p?
6
Let r be (-148*372/(-24))/2. What is the highest common factor of r and 148?
37
Let y be ((-4)/(-4) + -17)/(-2). Suppose 4*i = -2*d + 362, -2*d + 4*d = 2*i - 166. Calculate the greatest common divisor of y and i.
8
Let r be (-18)/(-7) + 2 + 108/(-189). Let g(o) = -o**2 + 7*o + 6. Let a be g(r). What is the highest common factor of 504 and a?
18
Suppose 330149 + 327889 = 202*x - 280050. Calculate the highest common divisor of x and 144.
36
Suppose -6*n + 3300 = n + 15*n. What is the greatest common divisor of 1140 and n?
30
Suppose 244 - 257 = -d. Let r(k) = 2*k + 25. Let h be r(-11). Suppose 0 = -8*v + d + h. Calculate the greatest common factor of v and 2.
2
Let k = -462 + 552. Calculate the highest common factor of k and 230.
10
Let w(a) = 4*a**2 - 111*a + 231. Let s be w(2). Suppose -75 = -6*v + 3*v. What is the highest common factor of v and s?
25
Suppose -2*g + 16 = 6. Let y = 80 - 78. Suppose -7*q + y*q = -3*l + 61, -g*l + 2*q + 70 = 0. Calculate the greatest common divisor of l and 60.
12
Let u(v) = -v**3 + 3*v**2 + 37*v + 13. Let d = -333 - -340. Let j be u(d). What is the highest common factor of j and 12?
4
Suppose -86*c + 30263 = -3793. Calculate the greatest common factor of c and 1914.
66
Let d(v) = 2*v**2 + 2*v + 1. Let x be d(-1). Let l = -155 - -142. Let p be (-30)/20 + l/(-2). Calculate the greatest common divisor of p and x.
1
Let z = -4312 + 4316. Let a(h) = h**2 + 4*h + 15. Let t be a(-11). Calculate the highest common factor of z and t.
4
Suppose 8*f = 2476 + 604. Let d = -349 + f. Calculate the greatest common divisor of 2 and d.
2
Let d(g) = -g**3 + 5*g**2 + 7*g + 6. Let b be d(6). Let a(c) = 2*c**2 - 174*c + 208. Let i be a(86). What is the highest common factor of i and b?
12
Let q(a) = -9*a - 24. Let f be q(-4). Suppose 0 = f*d - 6*d - 24. Suppose -d = -j, 4*j - 32 = -h + 3*j. What is the greatest common divisor of 42 and h?
14
Suppose 0 = -4*b - 5*t + 123, -27*b + 22*b + 160 = 5*t. Calculate the greatest common factor of 2590 and b.
37
Suppose -c + 4 + 0 = 0. Suppose 24 + 8 = c*i + 3*z, 2*z = 5*i - 17. Suppose -i*g - 11 + 31 = 0. Calculate the greatest common divisor of g and 4.
4
Let q(d) = d. Let c(n) = n - 27. Let t = 61 + -58. Let x(f) = t*q(f) + c(f). Let w be x(15). Calculate the greatest common factor of w and 132.
33
Let o = -1566 + 1786. What is the greatest common factor of 2970 and o?
110
Suppose -7 = -3*g - 4*z + 22, g + 2*z - 7 = 0. Let v(o) = 3*o - 31. Let r be v(g). Calculate the highest common factor of r and 70.
14
Let k = -121 + 211. Suppose 818*r - 814*r = 6*i - 680, 5*i - 555 = r. What is the highest common factor of k and i?
10
Let o = -383 + 381. Let v be o/((-46)/14 - -3). Calculate the highest common factor of v and 238.
7
Let z = 454 - 476. Let d = z + 73. Calculate the greatest common factor of d and 969.
51
Suppose -5*t = -38 - 62. Suppose g + g + 3*a - 10 = 0, 4*g + 5*a = t. Suppose -g*x = 122 - 142. Calculate the greatest common divisor of 1 and x.
1
Let m be (12*60/(-56))/((-416)/(-140) + -3). What is the highest common divisor of m and 198?
18
Let g be (0 - 1) + 9 + 0. Let j(s) = 7*s**2 - 17*s + 13. Let d be j(g). Calculate the greatest common factor of 50 and d.
25
Suppose 18*r - 14 = 17*r. Suppose -r*y + 2386 = 734. Let g = y - 113. What is the greatest common factor of g and 65?
5
Let s(j) = -j + 6. Let p(v) = 26*v + 42. Let o be p(-2). Let m be s(o). What is the highest common factor of m and 368?
16
Let x(g) = g**3 + 11*g - 8. Let s be x(16). Suppose -107*o = -103*o - s. Calculate the highest common factor of 82 and o.
82
Let m be (-6 + 88/8)*(-68)/(-10). Suppose -2*h + 2076 = -0*h. Let p be (-6)/10 + h/30. What is the highest common factor of p and m?
34
Let d = -27023 - -27661. What is the highest common factor of 506 and d?
22
Let t(f) = -f - 2*f + 4*f + 12 - 2*f. Let u be t(7). Suppose -12 + 58 = 2*q - u*z, -6 = -2*q - 5*z. What is the greatest common divisor of q and 117?
13
Suppose 0 = 79*t - 3358 + 277. What is the greatest common factor of 3965 and t?
13
Let c(z) = z**3 - 5*z**2 - 3*z - 6. Let i be c(6). Suppose 12*x + 5118 = 54*x - 1938. Calculate the greatest common divisor of i and x.
12
Let j = 20939 + -19644. Calculate the highest common factor of 12691 and j.
259
Let o(c) = c + 10. Suppose 227*r - 12 = 226*r. Let d be o(r). What is the greatest common divisor of d and 2?
2
Let t(w) = 3*w**2 + 7. Let x be t(9). Suppose 6456*c - 420 = 6435*c. Calculate the greatest common factor of x and c.
10
Suppose -3*h + 92036 = 5*c, 3*c + 37055 = h + 6409. What is the greatest common divisor of 91 and h?
91
Let s(h) = -16*h**2 + 5*h + 5. Let c be s(-1). Let y be c/(-2) - (3 + -6)*1. Suppose -y*k - 4 = -12*k. Calculate the greatest common divisor of 28 and k.
4
Suppose g - 1032 = -3*o, -946 = -o - 2*g - 597. Calculate the highest common factor of 5 and o.
1
Let n(j) = 883*j**2 + 1858*j + 1859. Let g be n(-1). Calculate the greatest common factor of 391 and g.
17
Let m = 3710 + -3686. What is the greatest common divisor of m and 201?
3
Suppose -8*a + 5*a + 579 = 3*n, -4*a + 187 = n. Let v = -179 + n. Calculate the highest common factor of v and 40.
8
Let h(q) = -3*q**3 + 78*q**2 + 4*q + 6. Let t be h(-4). What is the highest common factor of 1690 and t?
130
Suppose 0 = 5*h - 3*z - 165, -h + 1821*z - 1817*z = -50. What is the highest common divisor of 615 and h?
15
Suppose -8*j = -5056 + 1376. Suppose 3*g + 151 = k, -7*k + 4*k + j = -2*g. What is the highest common factor of k and 22?
22
Let k(h) = -10*h**3 - 3*h**2 - 2*h + 6. Let n be k(-3). Suppose 0*i - i + n = 4*u, 132 = 2*u - 4*i. Calculate the greatest common divisor of 2 and u.
2
Suppose -3*s + 639 = 3*p, 117 = s - 2*p - 102. Suppose 239 = 6*c + s. Suppose 0 = -3*w - 0*w + 108. Calculate the greatest common factor of c and w.
4
Let c = -464 + 459. Let t be 1696/24 + c/(-15). What is the highest common factor of t and 142?
71
Let a = -1857 - -2032. Suppose -3*g + 4*n = -29, 0*n = g + 2*n - 3. What is the highest common divisor of a and g?
7
Let d = 2905 - -1258. Calculate the highest common factor of 69 and d.
23
Let y be (-6)/24 + (-518)/8. Suppose 9*r - 484 - 515 = 0. Let m = y + r. What is the greatest common factor of 138 and m?
46
Let c be 297/(-27)*(645/(-3) - -3). Calculate the greatest common factor of 88 and c.
44
Let g be 23/((-30762)/(-2196) + -14). What is the highest common divisor of 488 and g?
122
Suppose 0 = -15*l - 59 - 121. Let m be (-7986)/l*1*(-1 - -3). What is the greatest common divisor of 11 and m?
11
Let l = 11183 + -11176. Let q = 14 - 13. Let s be (q*(-3 - -4))/1. Calculate the greatest common factor of s and l.
1
Suppose 2061 = 37*z - 16661. Suppose -505*d - 400 = -z*d. What is the highest common factor of 10 and d?
10
Let l be (-15)/2*42/9. Let g = -6639 + 6689. Let u = g + l. What is the greatest common divisor of u and 15?
15
Let y = -11609 + 12536. Calculate the greatest common divisor of 99 and y.
9
Suppose -5*g + 20 = -0*g. Let a be ((-22)/4)/((-2)/g). Let n = 4457 - 4380. Calculate the greatest common factor of n and a.
11
Suppose 4*t = 39 + 229. Suppose 8*u - 109 = t. What is the greatest common factor of 22 and u?
22
Suppose -9*c = -64*c + 11000. Calculate the highest common factor of 136 and c.
8
Let o = 7658 - 7588. What is the highest common factor of o and 8960?
70
Let a(u) = u**2 - 4*u + 11. Let o be a(9). Suppose 8 = 17*s + 1844. Let m be 98/1*-9*48/s. Calculate the greatest common factor of m and o.
56
Let h = -67 - -119. Suppose 0 = 6*v + 128 + h. Let p be (-2 - v/(-9))*-12. Calculate the highest common divi